ors of 1000.
2, 5
What are the prime factors of 1415?
5, 283
List the prime factors of 4306.
2, 2153
List the prime factors of 24136.
2, 7, 431
What are the prime factors of 13?
13
What are the prime factors of 159?
3, 53
What are the prime factors of 1140?
2, 3, 5, 19
What are the prime factors of 3906?
2, 3, 7, 31
What are the prime factors of 855?
3, 5, 19
List the prime factors of 301.
7, 43
What are the prime factors of 1442?
2, 7, 103
List the prime factors of 30132.
2, 3, 31
List the prime factors of 73958.
2, 36979
List the prime factors of 58818.
2, 3, 9803
What are the prime factors of 2947?
7, 421
What are the prime factors of 154409?
154409
List the prime factors of 19805.
5, 17, 233
What are the prime factors of 323?
17, 19
What are the prime factors of 501?
3, 167
What are the prime factors of 117754?
2, 7, 13, 647
What are the prime factors of 1556?
2, 389
List the prime factors of 758.
2, 379
List the prime factors of 10479.
3, 7, 499
What are the prime factors of 45480?
2, 3, 5, 379
List the prime factors of 70.
2, 5, 7
What are the prime factors of 1261?
13, 97
List the prime factors of 1894.
2, 947
What are the prime factors of 2623?
43, 61
What are the prime factors of 10216?
2, 1277
List the prime factors of 2243.
2243
What are the prime factors of 100890?
2, 3, 5, 19, 59
List the prime factors of 12848.
2, 11, 73
What are the prime factors of 429?
3, 11, 13
List the prime factors of 1847.
1847
List the prime factors of 1542.
2, 3, 257
List the prime factors of 16932.
2, 3, 17, 83
List the prime factors of 7186.
2, 3593
What are the prime factors of 54748?
2, 13687
List the prime factors of 3381.
3, 7, 23
List the prime factors of 9003.
3, 3001
List the prime factors of 3172.
2, 13, 61
What are the prime factors of 18048?
2, 3, 47
What are the prime factors of 3073?
7, 439
List the prime factors of 120494.
2, 11, 5477
List the prime factors of 1611.
3, 179
What are the prime factors of 7116?
2, 3, 593
What are the prime factors of 184?
2, 23
List the prime factors of 30742.
2, 19, 809
List the prime factors of 160715.
5, 32143
What are the prime factors of 512?
2
What are the prime factors of 4566?
2, 3, 761
List the prime factors of 24005.
5, 4801
List the prime factors of 5531.
5531
List the prime factors of 5589.
3, 23
What are the prime factors of 8548?
2, 2137
What are the prime factors of 3908?
2, 977
What are the prime factors of 20184?
2, 3, 29
List the prime factors of 6020.
2, 5, 7, 43
What are the prime factors of 19645?
5, 3929
List the prime factors of 101530.
2, 5, 11, 13, 71
List the prime factors of 4010.
2, 5, 401
What are the prime factors of 15285?
3, 5, 1019
List the prime factors of 111352.
2, 31, 449
List the prime factors of 8670.
2, 3, 5, 17
What are the prime factors of 4731?
3, 19, 83
What are the prime factors of 2289?
3, 7, 109
What are the prime factors of 6384?
2, 3, 7, 19
What are the prime factors of 1492?
2, 373
List the prime factors of 17718.
2, 3, 2953
List the prime factors of 78585.
3, 5, 13, 31
List the prime factors of 18890.
2, 5, 1889
What are the prime factors of 26105?
5, 23, 227
What are the prime factors of 4?
2
What are the prime factors of 899?
29, 31
List the prime factors of 167.
167
What are the prime factors of 1129?
1129
What are the prime factors of 33350?
2, 5, 23, 29
What are the prime factors of 766?
2, 383
List the prime factors of 69917.
139, 503
List the prime factors of 1849.
43
What are the prime factors of 569?
569
List the prime factors of 122408.
2, 11, 13, 107
What are the prime factors of 10911?
3, 3637
List the prime factors of 3431.
47, 73
What are the prime factors of 48200?
2, 5, 241
List the prime factors of 1669.
1669
What are the prime factors of 58679?
58679
What are the prime factors of 8231?
8231
List the prime factors of 23.
23
List the prime factors of 77312.
2, 151
List the prime factors of 39568.
2, 2473
List the prime factors of 6375.
3, 5, 17
List the prime factors of 1133.
11, 103
List the prime factors of 3875.
5, 31
What are the prime factors of 970?
2, 5, 97
What are the prime factors of 3809?
13, 293
List the prime factors of 22472.
2, 53
List the prime factors of 83005.
5, 13, 1277
What are the prime factors of 32232?
2, 3, 17, 79
What are the prime factors of 937?
937
What are the prime factors of 890?
2, 5, 89
What are the prime factors of 4486?
2, 2243
List the prime factors of 11559.
3, 3853
What are the prime factors of 4275?
3, 5, 19
What are the prime factors of 8653?
17, 509
List the prime factors of 9302.
2, 4651
What are the prime factors of 4721?
4721
What are the prime factors of 189?
3, 7
What are the prime factors of 235?
5, 47
List the prime factors of 196133.
7, 28019
List the prime factors of 5762.
2, 43, 67
What are the prime factors of 1798?
2, 29, 31
List the prime factors of 24255.
3, 5, 7, 11
List the prime factors of 17757.
3, 1973
List the prime factors of 4463.
4463
List the prime factors of 15866.
2, 7933
What are the prime factors of 1290?
2, 3, 5, 43
What are the prime factors of 735?
3, 5, 7
List the prime factors of 65535.
3, 5, 17, 257
What are the prime factors of 5512?
2, 13, 53
List the prime factors of 27606.
2, 3, 43, 107
List the prime factors of 3261.
3, 1087
What are the prime factors of 816?
2, 3, 17
What are the prime factors of 7970?
2, 5, 797
What are the prime factors of 15455?
5, 11, 281
What are the prime factors of 70324?
2, 17581
List the prime factors of 51540.
2, 3, 5, 859
What are the prime factors of 1658?
2, 829
What are the prime factors of 7578?
2, 3, 421
What are the prime factors of 6407?
43, 149
List the prime factors of 3471.
3, 13, 89
What are the prime factors of 30506?
2, 7, 2179
What are the prime factors of 161632?
2, 5051
What are the prime factors of 64145?
5, 12829
What are the prime factors of 4761?
3, 23
What are the prime factors of 1933?
1933
List the prime factors of 18179.
7, 53
List the prime factors of 137445.
3, 5, 7, 11, 17
What are the prime factors of 2788?
2, 17, 41
List the prime factors of 179091.
3, 11, 67
What are the prime factors of 1776?
2, 3, 37
What are the prime factors of 3522?
2, 3, 587
List the prime factors of 52114.
2, 71, 367
List the prime factors of 14114.
2, 7057
What are the prime factors of 2903?
2903
List the prime factors of 30286.
2, 19, 797
What are the prime factors of 2942?
2, 1471
What are the prime factors of 4684?
2, 1171
List the prime factors of 31824.
2, 3, 13, 17
List the prime factors of 5416.
2, 677
List the prime factors of 75144.
2, 3, 31, 101
What are the prime factors of 48?
2, 3
What are the prime factors of 410?
2, 5, 41
List the prime factors of 7.
7
List the prime factors of 198.
2, 3, 11
List the prime factors of 12792.
2, 3, 13, 41
List the prime factors of 4869.
3, 541
What are the prime factors of 2044?
2, 7, 73
What are the prime factors of 41660?
2, 5, 2083
What are the prime factors of 166516?
2, 7, 19, 313
List the prime factors of 38203.
11, 23, 151
What are the prime factors of 120092?
2, 7, 4289
List the prime factors of 13542.
2, 3, 37, 61
List the prime factors of 6054.
2, 3, 1009
List the prime factors of 6811.
7, 139
List the prime factors of 2879.
2879
What are the prime factors of 43577?
43577
List the prime factors of 15802.
2, 7901
List the prime factors of 3441.
3, 31, 37
List the prime factors of 6903.
3, 13, 59
List the prime factors of 2601.
3, 17
What are the prime factors of 2429?
7, 347
List the prime factors of 18665.
5, 3733
What are the prime factors of 1668?
2, 3, 139
List the prime factors of 38734.
2, 107, 181
What are the prime factors of 160487?
31, 167
What are the prime factors of 4644?
2, 3, 43
What are the prime factors of 832?
2, 13
List the prime factors of 45389.
45389
List the prime factors of 184.
2, 23
What are the prime factors of 1373?
1373
What are the prime factors of 39702?
2, 3, 13, 509
List the prime factors of 3618.
2, 3, 67
List the prime factors of 72111.
3, 13, 43
List the prime factors of 5494.
2, 41, 67
List the prime factors of 104797.
7, 11, 1361
List the prime factors of 2541.
3, 7, 11
What are the prime factors of 5642?
2, 7, 13, 31
List the prime factors of 127877.
127877
List the prime factors of 27797.
7, 11, 19
List the prime factors of 41217.
3